{"id":987,"date":"2024-02-27T16:02:01","date_gmt":"2024-02-27T16:02:01","guid":{"rendered":"https:\/\/klarheit-edu.de\/?page_id=987"},"modified":"2024-11-24T21:19:56","modified_gmt":"2024-11-24T21:19:56","slug":"elementor-page-987","status":"publish","type":"page","link":"https:\/\/lernkompass-ug.de\/index.php\/elementor-page-987\/","title":{"rendered":"Kopfrechnen"},"content":{"rendered":"\t\t<div data-elementor-type=\"wp-page\" data-elementor-id=\"987\" class=\"elementor elementor-987\">\n\t\t\t\t\t\t<section class=\"elementor-section elementor-top-section elementor-element elementor-element-189766d3 ct-section-stretched elementor-section-boxed elementor-section-height-default elementor-section-height-default\" data-id=\"189766d3\" data-element_type=\"section\" data-settings=\"{&quot;background_background&quot;:&quot;classic&quot;}\">\n\t\t\t\t\t\t\t<div class=\"elementor-background-overlay\"><\/div>\n\t\t\t\t\t\t\t<div class=\"elementor-container elementor-column-gap-default\">\n\t\t\t\t\t<div class=\"elementor-column elementor-col-100 elementor-top-column elementor-element elementor-element-670359f7\" data-id=\"670359f7\" data-element_type=\"column\">\n\t\t\t<div class=\"elementor-widget-wrap elementor-element-populated\">\n\t\t\t\t\t\t<div class=\"elementor-element elementor-element-5c804ca5 elementor-widget elementor-widget-heading\" data-id=\"5c804ca5\" data-element_type=\"widget\" data-widget_type=\"heading.default\">\n\t\t\t\t<div class=\"elementor-widget-container\">\n\t\t\t\t\t<h2 class=\"elementor-heading-title elementor-size-default\">Kopfrechnen<\/h2>\t\t\t\t<\/div>\n\t\t\t\t<\/div>\n\t\t\t\t\t<\/div>\n\t\t<\/div>\n\t\t\t\t\t<\/div>\n\t\t<\/section>\n\t\t<div class=\"elementor-element elementor-element-f435729 e-flex e-con-boxed e-con e-parent\" data-id=\"f435729\" data-element_type=\"container\">\n\t\t\t\t\t<div class=\"e-con-inner\">\n\t\t\t\t<div class=\"elementor-element elementor-element-0095278 elementor-widget elementor-widget-heading\" data-id=\"0095278\" data-element_type=\"widget\" data-widget_type=\"heading.default\">\n\t\t\t\t<div class=\"elementor-widget-container\">\n\t\t\t\t\t<h2 class=\"elementor-heading-title elementor-size-default\">Kopfrechnen<\/h2>\t\t\t\t<\/div>\n\t\t\t\t<\/div>\n\t\t\t\t<div class=\"elementor-element elementor-element-c399659 elementor-widget elementor-widget-text-editor\" data-id=\"c399659\" data-element_type=\"widget\" data-widget_type=\"text-editor.default\">\n\t\t\t\t<div class=\"elementor-widget-container\">\n\t\t\t\t\t\t\t\t\t<p>Lernkompass UG bietet ein Programm des mentalen Rechnens bei Kindern an, welches als eines der effektiven Mittel gilt, um das Niveau der Sch\u00fclerInnen in Mathematik zu verbessern und ihr Selbstvertrauen zu st\u00e4rken.<\/p><p>Unser Programm zeichnet sich durch eine innovative und f\u00fcr die Sch\u00fclerInnen interessante Unterrichtsmethode aus, die moderne Technologie nutzt, um Informationen auf einfache und fesselnde Weise an Kinder zu vermitteln.<\/p><p>Das Programm beinhaltet grundlegende Rechenoperationen wie Addition, Subtraktion, Multiplikation und Division, indem verschiedene vereinfachte Methoden eingesetzt werden, die Kindern helfen, mathematische Konzepte besser zu verstehen. Das Programm wird von qualifizierten und erfahrenen Lehrkr\u00e4ften durchgef\u00fchrt.<\/p><p>Dank unseres Programms k\u00f6nnen die Sch\u00fcler ihre F\u00e4higkeiten im Kopfrechnen und schnellen und pr\u00e4zisen mathematischen Denken entwickeln und somit bemerkenswerte Fortschritte in Mathematik erzielen, sowie selbstbewusster werden. Das Programm f\u00f6rdert auch die F\u00e4higkeit zur Konzentration, Analyse und Innovation. Das sind auch wichtige Kompetenzen, die sich positiv auf ihr schulisches und pers\u00f6nliches Leben auswirken.<\/p><p>Sie k\u00f6nnen sich f\u00fcr das Programm der mentalen Rechenerziehung auf unserer Website registrieren und es werden alle notwendigen Lehrmaterialien und Werkzeuge f\u00fcr die Sch\u00fcler bereitgestellt, um das Programm bestm\u00f6glich durchzuf\u00fchren.<\/p><p>Wir freuen uns darauf, Ihren Kindern zu helfen, in Mathematik erfolgreich zu sein und ein gr\u00f6\u00dferes Vertrauen in ihre eigenen F\u00e4higkeiten zu entwickeln.<\/p>\t\t\t\t\t\t\t\t<\/div>\n\t\t\t\t<\/div>\n\t\t\t\t<div class=\"elementor-element elementor-element-110242c elementor-widget elementor-widget-button\" data-id=\"110242c\" data-element_type=\"widget\" data-widget_type=\"button.default\">\n\t\t\t\t<div class=\"elementor-widget-container\">\n\t\t\t\t\t\t\t\t\t<div class=\"elementor-button-wrapper\">\n\t\t\t\t\t<a class=\"elementor-button elementor-button-link elementor-size-sm\" href=\"https:\/\/lernkompass-ug.de\/index.php\/anmeldung-kopfrechnen\/\">\n\t\t\t\t\t\t<span class=\"elementor-button-content-wrapper\">\n\t\t\t\t\t\t\t\t\t<span class=\"elementor-button-text\">Anmelden<\/span>\n\t\t\t\t\t<\/span>\n\t\t\t\t\t<\/a>\n\t\t\t\t<\/div>\n\t\t\t\t\t\t\t\t<\/div>\n\t\t\t\t<\/div>\n\t\t\t\t\t<\/div>\n\t\t\t\t<\/div>\n\t\t\t\t<\/div>\n\t\t","protected":false},"excerpt":{"rendered":"<p>Kopfrechnen Kopfrechnen Lernkompass UG bietet ein Programm des mentalen Rechnens bei Kindern an, welches als eines der effektiven Mittel gilt, um das Niveau der Sch\u00fclerInnen in Mathematik zu verbessern und ihr Selbstvertrauen zu st\u00e4rken. Unser Programm zeichnet sich durch eine innovative und f\u00fcr die Sch\u00fclerInnen interessante Unterrichtsmethode aus, die moderne Technologie nutzt, um Informationen auf [&hellip;]<\/p>\n","protected":false},"author":1,"featured_media":0,"parent":0,"menu_order":0,"comment_status":"closed","ping_status":"closed","template":"elementor_header_footer","meta":{"footnotes":""},"blocksy_meta":[],"_links":{"self":[{"href":"https:\/\/lernkompass-ug.de\/index.php\/wp-json\/wp\/v2\/pages\/987"}],"collection":[{"href":"https:\/\/lernkompass-ug.de\/index.php\/wp-json\/wp\/v2\/pages"}],"about":[{"href":"https:\/\/lernkompass-ug.de\/index.php\/wp-json\/wp\/v2\/types\/page"}],"author":[{"embeddable":true,"href":"https:\/\/lernkompass-ug.de\/index.php\/wp-json\/wp\/v2\/users\/1"}],"replies":[{"embeddable":true,"href":"https:\/\/lernkompass-ug.de\/index.php\/wp-json\/wp\/v2\/comments?post=987"}],"version-history":[{"count":34,"href":"https:\/\/lernkompass-ug.de\/index.php\/wp-json\/wp\/v2\/pages\/987\/revisions"}],"predecessor-version":[{"id":1787,"href":"https:\/\/lernkompass-ug.de\/index.php\/wp-json\/wp\/v2\/pages\/987\/revisions\/1787"}],"wp:attachment":[{"href":"https:\/\/lernkompass-ug.de\/index.php\/wp-json\/wp\/v2\/media?parent=987"}],"curies":[{"name":"wp","href":"https:\/\/api.w.org\/{rel}","templated":true}]}}