{"id":1242,"date":"2024-05-04T18:05:27","date_gmt":"2024-05-04T18:05:27","guid":{"rendered":"https:\/\/klarheit-edu.de\/?page_id=1242"},"modified":"2024-05-10T01:37:50","modified_gmt":"2024-05-10T01:37:50","slug":"allgemeine-geschaftsbedingungen","status":"publish","type":"page","link":"https:\/\/lernkompass-ug.de\/index.php\/allgemeine-geschaftsbedingungen\/","title":{"rendered":"Allgemeine Gesch\u00e4ftsbedingungen"},"content":{"rendered":"\t\t<div data-elementor-type=\"wp-page\" data-elementor-id=\"1242\" class=\"elementor elementor-1242\">\n\t\t\t\t\t\t<section class=\"elementor-section elementor-top-section elementor-element elementor-element-7a49e5b8 ct-section-stretched elementor-section-boxed elementor-section-height-default elementor-section-height-default\" data-id=\"7a49e5b8\" data-element_type=\"section\" data-settings=\"{&quot;background_background&quot;:&quot;classic&quot;}\">\n\t\t\t\t\t\t\t<div class=\"elementor-background-overlay\"><\/div>\n\t\t\t\t\t\t\t<div class=\"elementor-container elementor-column-gap-default\">\n\t\t\t\t\t<div class=\"elementor-column elementor-col-100 elementor-top-column elementor-element elementor-element-70ab5b73\" data-id=\"70ab5b73\" data-element_type=\"column\">\n\t\t\t<div class=\"elementor-widget-wrap elementor-element-populated\">\n\t\t\t\t\t\t<div class=\"elementor-element elementor-element-63df1d89 elementor-widget elementor-widget-heading\" data-id=\"63df1d89\" data-element_type=\"widget\" data-widget_type=\"heading.default\">\n\t\t\t\t<div class=\"elementor-widget-container\">\n\t\t\t\t\t<h2 class=\"elementor-heading-title elementor-size-default\">Allgemeine Gesch\u00e4ftsbedingungen<\/h2>\t\t\t\t<\/div>\n\t\t\t\t<\/div>\n\t\t\t\t\t<\/div>\n\t\t<\/div>\n\t\t\t\t\t<\/div>\n\t\t<\/section>\n\t\t<div class=\"elementor-element elementor-element-166e5c63 e-flex e-con-boxed e-con e-parent\" data-id=\"166e5c63\" data-element_type=\"container\">\n\t\t\t\t\t<div class=\"e-con-inner\">\n\t\t\t\t<div class=\"elementor-element elementor-element-37ad58b elementor-widget elementor-widget-heading\" data-id=\"37ad58b\" data-element_type=\"widget\" data-widget_type=\"heading.default\">\n\t\t\t\t<div class=\"elementor-widget-container\">\n\t\t\t\t\t<h2 class=\"elementor-heading-title elementor-size-default\"><blockquote style=\"margin-top: 1.5rem;margin-bottom: 1.5rem;padding-left: 0.75rem;font-size: 1.1rem;font-family: Raleway;font-style: normal;font-weight: 400;letter-spacing: normal;text-align: start;text-transform: none\"><p style=\"margin-bottom: 1.3rem\"><strong>ALLGEMEINE GESCH\u00c4FTSBEDINGUNGEN<\/strong><span style=\"background-color: var(--theme-palette-color-8);color: var( --e-global-color-primary );font-family: var( --e-global-typography-primary-font-family ), Sans-serif;font-size: var(--theme-font-size);font-style: var(--theme-font-style, inherit);font-weight: var( --e-global-typography-primary-font-weight );letter-spacing: var(--theme-letter-spacing);text-align: inherit;text-transform: var(--theme-text-transform)\"><\/span><\/p><\/blockquote><\/h2>\t\t\t\t<\/div>\n\t\t\t\t<\/div>\n\t\t\t\t<div class=\"elementor-element elementor-element-64522b59 elementor-widget elementor-widget-text-editor\" data-id=\"64522b59\" data-element_type=\"widget\" data-widget_type=\"text-editor.default\">\n\t\t\t\t<div class=\"elementor-widget-container\">\n\t\t\t\t\t\t\t\t\t<p><strong>1- Was sind meine Verpflichtungen?<\/strong><\/p>\n<p>Um erfolgreich zu sein und bessere Noten zu bekommen musst du p\u00fcnktlich und vor allem auch regelm\u00e4\u00dfig zum Unterricht erscheinen. Am allerwichtigsten ist, dass du jedoch auch zuhause selbstst\u00e4ndig lernst, damit unsere Unterst\u00fctzung noch effekter vonstatten geht. Dazu bitten wir dich uns unaufgefordert deine Klassenarbeitsnoten und Halbjahreszeugnisse unaufgefordert uns mitzuteilen.<\/p>\n<p><strong>2- Wie kann ich mich beteiligen, damit der Unterricht erfolgreich ist?<\/strong><\/p>\n<p>Der Sinn und Zweck der Nachhilfe ist es den Schulerfolg zu steigern. Damit das funktioniert muss der Sch\u00fcler vorbereitet zum Unterricht erscheinen. Es sollten jegliche wichtigen Materialien mitgebracht werden, wie z.B. das Schulbuch, ein Heft und Schreibmaterial. Au\u00dferdem sollten die von dem Nachhilfelehrer aufgegebenen Hausaufgaben erledigt worden sein.<\/p>\n<p><strong>3- Bis wann habe ich Zeit, um mich krank zu melden?<\/strong><\/p>\n<p>Sollte ihr Kind krank sein, geben sie uns bitte Bescheid, indem sie bei uns anrufen oder in die Whatsapp-Gruppe schreiben. Der Sch\u00fcler hat bis zu 120 Minuten vor dem Unterricht Zeit sich krank zu melden. Sollte dies nicht passieren, dann z\u00e4hlt die Unterrichtsstunde als absolviert und der Nachhilfelehrer bekommt den Unterricht verg\u00fctet. Eine Erstattung der Unterrichtseinheit ist bei Vers\u00e4umnis wegen Krankheit oder aus sonstigen Gr\u00fcnden nicht m\u00f6glich.<\/p>\n<p><strong>4- Werden ausgefallene Termine berechnet?<\/strong><\/p>\n<p>Es gibt zwei M\u00f6glichkeiten, wieso ein Nachhilfetermin ausf\u00e4llt. Eine M\u00f6glichkeit ist, dass der Nachhilfelehrer verhindert ist. Dann wird der Termin selbstverst\u00e4ndlich nicht berechnet. Sollte allerdings der Sch\u00fcler nicht verf\u00fcgbar sein, ist es davon abh\u00e4ngig, ob er sich bis zu 120 Minuten vor Unterrichtsbeginn abgemeldet hat oder nicht. Wenn der Sch\u00fcler sich p\u00fcnktlich abgemeldet hat, dann wird der Termin nicht berechnet. Wurde sich allerdings nicht abgemeldet, dann wird der Nachhilfetermin ganz normal berechnet.<\/p>\n<p><strong>5- Wie kann ich den Llehrer kontaktieren?<\/strong><\/p>\n<p>Wenn es Gespr\u00e4chsbedarf gibt, dann k\u00f6nnen Sie sich bei uns melden und wir vereinbaren einen gemeinsamen Termin.<\/p>\n<p><strong>6- Was passiert, wenn ein Lehrer verhindert ist?<\/strong><\/p>\n<p>Es ist m\u00f6glich, dass ein Nachhilfelehrer aus gesundheitlichen Gr\u00fcnden oder wegen Terminen verhindert ist, da die Mehrheit unserer Lehrer selbst Studenten sind. Wir versuchen uns bei einem Ausfall so schnell wie m\u00f6glich um einen Ersatz zu k\u00fcmmern. Sollte dies nicht m\u00f6glich sein, werden sie umgehend informiert und der Nachhilfetermin f\u00e4llt aus.<\/p>\n<p><strong>7- Wo kann ich einsehen, wie viele Unterrichtsstunden mein Kind schon erhalten hat und wie viele er noch in Anspruch nehmen darf.<\/strong><\/p>\n<p>In der Google-Datei ist zu jedem Fach ein Endabrechnungsformular angeh\u00e4ngt. Daraus k\u00f6nnt ihr ableiten, wie viele Stunden schon genommen wurden und wie viele noch ausstehen. Zus\u00e4tzlich k\u00f6nnt ihr auch einsehen, wann und von wem der Unterricht geleistet wurde.<\/p>\n<p><strong>8- Wann sollte ich da sein, damit der Unterricht p\u00fcnktlich beginnt?<\/strong><\/p>\n<p>Die Stunde beginnt p\u00fcnktlich zur angegebenen Zeit. Aus Respekt gegen\u00fcber dem Lehrer und den Mitsch\u00fclern bitten wir um p\u00fcnktliches Erscheinen (d.h. in der Regel 5 Minuten vor Beginn des Unterrichts).<\/p>\n<p><strong>9- Wie gehe ich mit Sachbesch\u00e4digung um?<\/strong><\/p>\n<p>F\u00fcr Sch\u00e4den, die der Sch\u00fcler verursacht, sind die Erziehungsberechtigten nach Ma\u00dfgabe der gesetzlichen Bestimmungen haftbar.<\/p>\n<p><strong>10- Gibt es Regelungen bei H\u00e4rtef\u00e4llen jedweder Art?<\/strong><\/p>\n<p>\u201eIm besonderen Einzelfall (z. B. langfristige Erkrankung, Todesfall in der Familie) k\u00f6nnen nach Absprache mit dem Institut die Geb\u00fchren entweder geringer ausfallen oder der Unterricht sogar kostenlos gew\u00e4hrt werden. Sollte es zu einer Zahlungsunf\u00e4higkeit kommen, so sollte man sich so schnell wie m\u00f6glich mit dem Institut in Verbindung setzen.\u201c<\/p>\n<p><strong>11- Was muss ich bei einer K\u00fcndigung beachten?<\/strong><\/p>\n<p>Eine K\u00fcndigung muss 2 Wochen vor Vertragsende schriftlich erfolgen, andernfalls wird der Vertrag um 6 Monate automatisch verl\u00e4ngert.<\/p>\n<p><strong>12- Was passiert, wenn ich unausgesch\u00f6pfte Unterrichtsstunden nach Abschluss des Schuljahres habe?<\/strong><\/p>\n<p>Sie haben bis zum Ende des jeweiligen Schuljahres Zeit ihr Kontingent an Unterrichtsstunden komplett auszusch\u00f6pfen. Sollte dies nicht geschehen, verfallen alle nicht genutzten Unterrichtsstunden am Ende des jeweiligen Schuljahres und k\u00f6nnen nicht auf das n\u00e4chste Schuljahr \u00fcbertragen werden.<\/p>\t\t\t\t\t\t\t\t<\/div>\n\t\t\t\t<\/div>\n\t\t\t\t\t<\/div>\n\t\t\t\t<\/div>\n\t\t\t\t<\/div>\n\t\t","protected":false},"excerpt":{"rendered":"<p>Allgemeine Gesch\u00e4ftsbedingungen ALLGEMEINE GESCH\u00c4FTSBEDINGUNGEN 1- Was sind meine Verpflichtungen? Um erfolgreich zu sein und bessere Noten zu bekommen musst du p\u00fcnktlich und vor allem auch regelm\u00e4\u00dfig zum Unterricht erscheinen. Am allerwichtigsten ist, dass du jedoch auch zuhause selbstst\u00e4ndig lernst, damit unsere Unterst\u00fctzung noch effekter vonstatten geht. Dazu bitten wir dich uns unaufgefordert deine Klassenarbeitsnoten und [&hellip;]<\/p>\n","protected":false},"author":1,"featured_media":0,"parent":0,"menu_order":0,"comment_status":"closed","ping_status":"closed","template":"elementor_header_footer","meta":{"footnotes":""},"blocksy_meta":[],"_links":{"self":[{"href":"https:\/\/lernkompass-ug.de\/index.php\/wp-json\/wp\/v2\/pages\/1242"}],"collection":[{"href":"https:\/\/lernkompass-ug.de\/index.php\/wp-json\/wp\/v2\/pages"}],"about":[{"href":"https:\/\/lernkompass-ug.de\/index.php\/wp-json\/wp\/v2\/types\/page"}],"author":[{"embeddable":true,"href":"https:\/\/lernkompass-ug.de\/index.php\/wp-json\/wp\/v2\/users\/1"}],"replies":[{"embeddable":true,"href":"https:\/\/lernkompass-ug.de\/index.php\/wp-json\/wp\/v2\/comments?post=1242"}],"version-history":[{"count":22,"href":"https:\/\/lernkompass-ug.de\/index.php\/wp-json\/wp\/v2\/pages\/1242\/revisions"}],"predecessor-version":[{"id":1537,"href":"https:\/\/lernkompass-ug.de\/index.php\/wp-json\/wp\/v2\/pages\/1242\/revisions\/1537"}],"wp:attachment":[{"href":"https:\/\/lernkompass-ug.de\/index.php\/wp-json\/wp\/v2\/media?parent=1242"}],"curies":[{"name":"wp","href":"https:\/\/api.w.org\/{rel}","templated":true}]}}